6)). What is the greatest common divisor of l and x?
18
Let l(h) = -11*h + 11. Let t be l(-9). Suppose 2*u = u + 3. Suppose 61 = u*y - j, -5*y - 5*j - 15 + t = 0. Calculate the highest common factor of y and 10.
10
Let h = 134 + -77. Let o(a) = -a**3 - 2*a**2 - a - 1. Let k be o(-1). Let l be 1*k + (1 - -19). Calculate the greatest common divisor of h and l.
19
Let d(v) = -37*v - 5. Let y be d(-3). Suppose -5*p = -3*l + y, -2*l + 75 = 4*p + 19. Calculate the greatest common divisor of l and 48.
16
Let c be (18/(-4))/((-5)/30). Calculate the greatest common factor of c and 3.
3
Let y = 4 + -1. Suppose g + 4*g + 5 = 0, -b + 30 = y*g. Let u = -4 + 26. What is the greatest common factor of u and b?
11
Let c be (0 + 2)/(1/5). Let l = 23 - c. Suppose 581 = 7*s - 2*s - a, -3*a = -4*s + 456. Calculate the highest common divisor of l and s.
13
Let t = 9 + -7. Calculate the greatest common divisor of 3 and t.
1
Suppose -10 = -o + 2*k + 48, 0 = -4*o + 2*k + 262. Let r = 245 + -81. Suppose 4*b = r - o. Calculate the highest common divisor of 3 and b.
3
Suppose 17 = s - j, -4*s + 2*s = 3*j - 54. What is the highest common factor of 63 and s?
21
Let d = 22 - 19. Suppose -5 + 20 = d*g. Calculate the greatest common divisor of 5 and g.
5
Let p(q) = -q**2 + 8*q - 12. Let r be p(6). Suppose -4*y = 6*i - 2*i - 88, i - 2*y - 10 = r. What is the highest common divisor of 72 and i?
18
Let t be (3/(-2))/((-6)/176). Calculate the highest common divisor of t and 33.
11
Suppose -k = -2*n + 271, -2*n + 670 = 3*n + 5*k. Let b = -28 + 43. Calculate the highest common divisor of n and b.
15
Let c(u) = -5*u**3 + 1. Let l be c(-1). Let m(r) = r - 4. Let h be m(l). Suppose 0 = h*s + 9 - 93. Calculate the greatest common divisor of s and 6.
6
Let s = -29 + 35. Calculate the highest common factor of s and 9.
3
Let m(o) = -o**3 + 9*o**2 + o + 9. Let a = 13 - 4. Let j be m(a). What is the greatest common factor of 18 and j?
18
Let m be (2/(-4))/((-4)/192). What is the greatest common factor of 72 and m?
24
Let q = -21 + 33. Let a be (1 - 5) + 92 + q. Calculate the greatest common divisor of a and 20.
20
Let u = -49 - -56. Calculate the greatest common factor of u and 14.
7
Let l be (-2)/(1*2/(-16)). Suppose 3*k + 4*x + 76 = 5*k, -x - 139 = -3*k. Calculate the highest common factor of k and l.
16
Suppose -22 - 2 = -12*i. Suppose 39 = -y + 4*y. Suppose y = w + o, 5*w = 5*o - 3 + 18. Calculate the greatest common factor of w and i.
2
Let k be (-4085)/(-35) - 6/(-21). Calculate the highest common divisor of k and 13.
13
Let u = 22 - 16. Suppose -9 = s - 3*m, s + 1 = 2*s - m. Calculate the highest common factor of u and s.
6
Let f = 3 + -2. Calculate the greatest common divisor of f and 1.
1
Suppose -4*b + 2 = -d - 8, -4*d + 3*b + 25 = 0. Suppose 3*f - 44 = 31. Calculate the greatest common divisor of f and d.
5
Let i(k) = k**2 - 3*k - 9. Suppose -3*c - 4*y = -8*y - 21, 4*c - y - 28 = 0. Let g be i(c). What is the highest common divisor of 19 and g?
19
Let h = 5 + -1. Suppose 0 = 4*s - 0*f - h*f + 8, f = 5*s - 10. Suppose 3*m - 29 - 52 = 0. Calculate the highest common factor of m and s.
3
Let z(b) = b**2 + 6*b - 20. Let f be z(-9). What is the highest common divisor of 21 and f?
7
Suppose -6*z - 15 = -z + 4*s, 2*z + 3*s + 6 = 0. Let k be -11*(3/z - 16). Suppose 2*m = -2*m + 68. What is the greatest common divisor of k and m?
17
Let v be (-1 + 46)*24/10. What is the highest common factor of v and 12?
12
Let g(j) = -5*j**3 + 2*j**2 - 2*j + 1. Let h be g(1). Let s be (1 - 3)*2/h. What is the highest common factor of 2 and s?
1
Suppose 5*c = -2*c + 175. What is the greatest common factor of c and 200?
25
Let c = 3 + 1. Let s(v) = -4 + 1 + 2*v - v + 5*v. Let o be s(c). What is the highest common divisor of 3 and o?
3
Let h be 20/30 + (-122)/(-6). Calculate the highest common divisor of h and 3.
3
Let s be (-9)/(3/(-3)*-1). Let o = 1 - s. What is the highest common divisor of 15 and o?
5
Suppose -3*g - 8 = 13. Let j be (-51)/(-7) + 2/g. Let r(l) = 2*l**2 + 25*l + 43. Let t be r(-13). What is the highest common factor of j and t?
7
Let i(d) = d + 12. Let n be i(-6). Let t = 4 - n. Let l = t + 3. Calculate the highest common factor of l and 9.
1
Let j be (-1466)/(-14) + (-10)/(-35). Suppose 0 = 3*q - j - 120. Let s be q/6*(4 - 2). What is the highest common factor of s and 5?
5
Let p = -2 - 110. Let w(b) = b**3 - 7*b**2 - 7*b + 2. Let v be w(7). Let m = v - p. Calculate the greatest common factor of m and 13.
13
Suppose -4*l + 0*m - 2*m + 120 = 0, l - 4*m - 48 = 0. What is the greatest common divisor of l and 80?
16
Suppose -6*z + 379 = -3*z + w, -2*z - w = -251. What is the greatest common divisor of 8 and z?
8
Let u(q) = 3*q - 2. Let h be u(2). Let r = 16 + h. Suppose 3 = -k + 8. What is the greatest common divisor of k and r?
5
Suppose -3*j = o - 347, o + 5*j - 1037 = -2*o. Calculate the highest common factor of o and 43.
43
Let a(f) = 2*f**2 + 8*f + 5. Let x be a(-5). Calculate the greatest common factor of x and 3.
3
Let s be (-2494)/(-203) + -1*4/14. Let l be (2/3)/(4/24). What is the greatest common divisor of l and s?
4
Let t(j) = j**2 + 9*j + 9. Let o be t(-10). What is the greatest common divisor of 152 and o?
19
Suppose -o + 8 + 13 = 5*c, -36 = -4*c + 4*o. Suppose 0 = c*y - 8 - 52. Calculate the highest common divisor of 6 and y.
6
Suppose l = -4*l + 5. Let i(m) = 19*m - 1. Let z be i(l). Calculate the highest common divisor of z and 45.
9
Let i = 4 + 5. Calculate the greatest common divisor of 99 and i.
9
Let h(z) = -4*z - 9*z**2 + z**3 + z + 6 - 13*z. Let x be h(11). What is the greatest common factor of x and 9?
9
Let m = 6 - -1. Let o(i) = 3*i - 3. Let h be o(m). What is the greatest common factor of h and 45?
9
Suppose -1 = -o + 3. Suppose 5*x + 1 = -o*p + 38, -3*x = -3*p - 6. What is the highest common divisor of 50 and x?
5
Let q(v) = 5*v - 7. Let m be q(3). What is the greatest common divisor of m and 8?
8
Let q(j) be the third derivative of 0*j + 1/6*j**4 + 0 + 1/15*j**5 + 1/2*j**3 - j**2. Let l be q(-2). What is the highest common factor of l and 88?
11
Let y be 1687/63 + 2/9. Calculate the greatest common divisor of y and 9.
9
Let v(i) = 2*i + 14. Let s be v(-5). What is the highest common divisor of s and 8?
4
Suppose 0 = 2*g + 2*z - 2, 5*g + z - 3 = 6. Suppose 0 = -g*i - 34 + 82. Calculate the highest common factor of 24 and i.
24
Let y be (-103)/(-3) + 6/9. Let g = 57 + -43. Calculate the greatest common divisor of y and g.
7
Suppose -5*w - 3*u + 347 = 0, 0*w + 2*u = -2*w + 138. Suppose 0 = -3*l - l + 40. What is the greatest common factor of w and l?
10
Suppose -2*j + 16 = 2*j. Let b be (j - 1) + 0 + 125. Calculate the greatest common factor of b and 16.
16
Suppose -3*j - 25 = 2*j, 4*q = j + 453. What is the greatest common factor of q and 14?
14
Suppose -20*h + 67 + 193 = 0. Calculate the greatest common factor of 221 and h.
13
Suppose -3*z + 2*z = -5*v + 12, -3*z + 5*v + 4 = 0. What is the greatest common divisor of z and 88?
8
Let x(f) = f**3 + 7*f**2 + f - 8. Let w be 176/(-28) + 4/14. Let v be x(w). Calculate the greatest common divisor of v and 110.
22
Suppose 504 = 9*i - 5*i. What is the greatest common divisor of i and 21?
21
Let x be 2 - ((-16)/12 + 0)*48. Calculate the greatest common divisor of 22 and x.
22
Suppose -15 = -2*c - 3*c. Let b(g) = -g**3 - g**2 - 3*g**3 + c*g**3 - 4 - 7*g + 1. Let i be b(-5). Calculate the greatest common divisor of i and 12.
12
Suppose 18 = 5*l - 2*a, -4*l + 16 = -4*a + 2*a. Calculate the highest common divisor of 4 and l.
2
Let b(p) = -p**2 - 19*p - 14. Let h be b(-18). What is the greatest common divisor of 1 and h?
1
Suppose 7*t - 4*t = 3. Let x be ((-1)/3)/(t/(-39)). Calculate the greatest common divisor of x and 13.
13
Let d(b) = 3*b**2 + 2*b - 3. Let x be (11 + -9)/((-2)/(-3)). Let k be d(x). Calculate the greatest common factor of k and 6.
6
Let q be 4/10 - (-16)/10. Suppose m - 72 = -q*m. Let d(w) = w**3 + 10*w**2 + 8*w - 4. Let i be d(-8). Calculate the greatest common factor of i and m.
12
Let l = 8 + -3. Let t = l - -3. Let r be -1*2 - 0 - -22. What is the greatest common divisor of t and r?
4
Let t(l) = -l**2 + 11*l + 9. Let o be t(11). Let m(p) = 2*p - 4. Let a be m(5). Calculate the greatest common divisor 